git of 8521263?
5
What is the millions digit of 1459815277?
9
What is the ten millions digit of 1045286024?
4
What is the millions digit of 102521313?
2
What is the thousands digit of 126777846?
7
What is the ten millions digit of 2286856828?
8
What is the thousands digit of 103692770?
2
What is the ten thousands digit of 633305980?
0
What is the millions digit of 13977579?
3
What is the units digit of 85728673?
3
What is the ten millions digit of 3199229016?
9
What is the millions digit of 1272715562?
2
What is the units digit of 1213131366?
6
What is the ten thousands digit of 21435525?
3
What is the tens digit of 80925528?
2
What is the hundreds digit of 194442375?
3
What is the millions digit of 798867644?
8
What is the hundred thousands digit of 629899542?
8
What is the hundred thousands digit of 110789776?
7
What is the units digit of 131926676?
6
What is the hundred thousands digit of 5095857951?
8
What is the hundreds digit of 593305607?
6
What is the hundred thousands digit of 427389452?
3
What is the tens digit of 42269612?
1
What is the hundred thousands digit of 205330404?
3
What is the ten thousands digit of 1188245235?
4
What is the hundreds digit of 30052401?
4
What is the hundred thousands digit of 226226987?
2
What is the hundred thousands digit of 405226857?
2
What is the hundred thousands digit of 203701360?
7
What is the thousands digit of 22387070?
7
What is the ten millions digit of 19692008?
1
What is the ten millions digit of 992454463?
9
What is the hundred thousands digit of 22839191?
8
What is the hundreds digit of 2690883296?
2
What is the hundred millions digit of 4388530324?
3
What is the hundreds digit of 406525234?
2
What is the hundred thousands digit of 79203705?
2
What is the ten thousands digit of 46964191?
6
What is the billions digit of 6143522693?
6
What is the units digit of 953306774?
4
What is the units digit of 69068778?
8
What is the ten thousands digit of 843428108?
2
What is the units digit of 2507722?
2
What is the ten thousands digit of 52291215?
9
What is the hundred thousands digit of 16215425?
2
What is the hundred thousands digit of 990040084?
0
What is the hundred millions digit of 1063506671?
0
What is the units digit of 6779316?
6
What is the thousands digit of 130533162?
3
What is the millions digit of 85285311?
5
What is the ten thousands digit of 192195497?
9
What is the ten millions digit of 80572166?
8
What is the hundred thousands digit of 1001527010?
5
What is the hundred thousands digit of 117577377?
5
What is the thousands digit of 22907707?
7
What is the tens digit of 63760570?
7
What is the hundreds digit of 607569757?
7
What is the ten thousands digit of 73505880?
0
What is the ten millions digit of 169435951?
6
What is the millions digit of 2172031370?
2
What is the hundreds digit of 549948222?
2
What is the thousands digit of 433884843?
4
What is the ten millions digit of 3271721834?
7
What is the hundred thousands digit of 476761996?
7
What is the ten millions digit of 76514295?
7
What is the millions digit of 53757862?
3
What is the units digit of 4754917999?
9
What is the hundred thousands digit of 2290703889?
7
What is the ten millions digit of 65018049?
6
What is the ten thousands digit of 16254422?
5
What is the millions digit of 33435911?
3
What is the thousands digit of 3876068338?
8
What is the hundreds digit of 68379416?
4
What is the tens digit of 188006544?
4
What is the hundred millions digit of 1645612129?
6
What is the hundreds digit of 122616560?
5
What is the millions digit of 1621012514?
1
What is the tens digit of 5476770807?
0
What is the thousands digit of 3838335354?
5
What is the thousands digit of 44227151?
7
What is the ten thousands digit of 930534073?
3
What is the thousands digit of 1905149457?
9
What is the units digit of 74336937?
7
What is the billions digit of 1519073068?
1
What is the thousands digit of 40472807?
2
What is the tens digit of 39587325?
2
What is the ten thousands digit of 276475462?
7
What is the units digit of 803093640?
0
What is the ten thousands digit of 157779051?
7
What is the thousands digit of 6708246860?
6
What is the ten millions digit of 18642921?
1
What is the units digit of 63494313?
3
What is the millions digit of 683877846?
3
What is the thousands digit of 560175155?
5
What is the thousands digit of 216160479?
0
What is the millions digit of 773484542?
3
What is the thousands digit of 14630275?
0
What is the tens digit of 3489919963?
6
What is the hundred thousands digit of 24483338?
4
What is the hundreds digit of 4707810022?
0
What is the units digit of 298332251?
1
What is the units digit of 115078303?
3
What is the hundred millions digit of 1016908224?
0
What is the hundreds digit of 140360819?
8
What is the hundreds digit of 251024021?
0
What is the hundred thousands digit of 17155985?
1
What is the hundred thousands digit of 254837121?
8
What is the hundreds digit of 4855845117?
1
What is the millions digit of 70969852?
0
What is the ten millions digit of 37608340?
3
What is the hundreds digit of 60839989?
9
What is the thousands digit of 1371483994?
3
What is the millions digit of 3877802549?
7
What is the tens digit of 1300987101?
0
What is the hundred thousands digit of 534682141?
6
What is the tens digit of 768805367?
6
What is the hundreds digit of 3685971337?
3
What is the ten thousands digit of 915858736?
5
What is the tens digit of 72657588?
8
What is the hundreds digit of 1689862309?
3
What is the millions digit of 16419038?
6
What is the hundreds digit of 287328151?
1
What is the ten millions digit of 56648117?
5
What is the ten millions digit of 136955479?
3
What is the hundred thousands digit of 52336787?
3
What is the hundreds digit of 969922091?
0
What is the hundred thousands digit of 89240648?
2
What is the hundred thousands digit of 46419388?
4
What is the hundred thousands digit of 3334296454?
2
What is the tens digit of 12822567?
6
What is the ten thousands digit of 5403532081?
3
What is the thousands digit of 892831345?
1
What is the thousands digit of 120575357?
5
What is the units digit of 1122345904?
4
What is the millions digit of 450611301?
0
What is the hundreds digit of 113796512?
5
What is the units digit of 57365391?
1
What is the hundred thousands digit of 80468297?
4
What is the thousands digit of 37867443?
7
What is the thousands digit of 29005050?
5
What is the tens digit of 2187867891?
9
What is the hundreds digit of 180440947?
9
What is the thousands digit of 691212266?
2
What is the units digit of 249482267?
7
What is the thousands digit of 873799900?
9
What is the hundreds digit of 1068222892?
8
What is the millions digit of 63175628?
3
What is the hundred thousands digit of 38927787?
9
What is the ten millions digit of 908809181?
0
What is the ten millions digit of 3037817864?
3
What is the units digit of 340285741?
1
What is the tens digit of 179108550?
5
What is the tens digit of 22824024?
2
What is the ten thousands digit of 2354242411?
4
What is the units digit of 39710656?
6
What is the thousands digit of 333311669?
1
What is the billions digit of 1075693166?
1
What is the hundreds digit of 10294247?
2
What is the hundred millions digit of 2452348345?
4
What is the millions digit of 190005028?
0
What is the tens digit of 535429298?
9
What is the hundred thousands digit of 224017060?
0
What is the thousands digit of 40541700?
1
What is the tens digit of 316870470?
7
What is the hundred thousands digit of 70359401?
3
What is the units digit of 184081649?
9
What is the ten thousands digit of 400212276?
1
What is the hundred thousands digit of 57664063?
6
What is the hundreds digit of 1711544951?
9
What is the units digit of 979546290?
0
What is the hundreds digit of 15012224?
2
What is the ten millions digit of 154000456?
5
What is the units digit of 44289196?
6
What is the millions digit of 121784983?
1
What is the millions digit of 181862316?
1
What is the ten thousands digit of 6142671?
4
What is the tens digit of 293257662?
6
What is the tens digit of 3561844316?
1
What is the hundreds digit of 1128108317?
3
What is the hundreds digit of 258477261?
2
What is the hundreds digit of 378565189?
1
What is the hundred millions digit of 893785999?
8
What is the tens 